te w(k).
2
Let q(h) be the first derivative of 5*h + 7/2*h**2 + 1/3*h**3 - 5. Calculate q(-5).
-5
Suppose s = 3*y - 6, -2*y + 13 = 2*s - 7. Let v(q) = -s*q + 11*q + 9 - 4*q. Calculate v(-4).
5
Let p(w) be the third derivative of w**5/60 - 7*w**4/24 + 3*w**3/2 + w**2 + 18. Calculate p(5).
-1
Let a(d) = 52*d - 42. Let h be a(1). Let b(k) = -k + 17. Give b(h).
7
Let n(i) = 14*i - 36. Let h(t) = 21*t - 58. Let z(v) = -5*h(v) + 8*n(v). Let j = -5 - -3. Give z(j).
-12
Let u(f) = 4*f + 7. Let t(x) = -6*x - 16. Let q(i) = -2*t(i) - 5*u(i). Determine q(-1).
5
Let v(l) be the first derivative of 2*l + 5/2*l**2 + 24 + 1/3*l**3. Calculate v(-3).
-4
Let t(b) = -14*b + 12*b**2 + 13 + b**3 + 3*b + 5*b + 7*b. Calculate t(-12).
1
Let n(o) = -4*o - 1. Let p be ((-1)/(-2))/(2/4). Let w be n(p). Let h(q) be the first derivative of -q**3/3 - 5*q**2/2 - 19. What is h(w)?
0
Suppose -47*u - 435 = 35. Let q(h) = h**2 + 10*h - 11. Give q(u).
-11
Let b be 3/5 + 7/5 + 0. Let o(k) = 5*k + k**3 + 4*k - 11*k - 4*k**2 + 3*k**b - 3. Let f(l) = -l**3 - 9*l**2 - 9*l - 5. Let y be f(-8). What is o(y)?
9
Suppose -4 = -n, -4*l - 10*n = -13*n. Let m(b) be the third derivative of 1/6*b**l + 0*b + 0 + 4*b**2 - 1/120*b**6 + 1/4*b**4 - 1/12*b**5. Determine m(-6).
1
Let j(t) = -t**3 - 2*t**2 + t - 2. Let u be j(-3). Let b be (18/(-4))/(3/u). Let g be (-8 - b) + 7/1. Let s(o) = -o**3 + 5*o**2 - 2*o - 2. Give s(g).
-12
Let c(u) = -48 + 386*u**2 - 52 - 2*u + u**3 - 382*u**2 + 98. Let z be 1/(1 + 0) - 3. Give c(z).
10
Suppose -2*k + 7*k - 25 = 0. Let u(z) = 4 + 3*z + z**2 - k*z - 2*z**2. Let x = 3 + -7. Calculate u(x).
-4
Let t(r) = -r + 1. Let j be 2*3/2*(-12 + 13). Let p = j + 1. Give t(p).
-3
Let u(q) = -q**2 - 13*q + 13. Let w(f) = -f**3 - 5*f**2 - 9*f - 172. Let z be w(-7). Calculate u(z).
35
Let h(i) = -2 - 16*i - 6*i + 20*i. What is h(3)?
-8
Let b = 79 + -44. Suppose 5*g = 4*a + b, a + 8 = 5*g - 12. Suppose -g*u = 2*u + 30. Let n(t) = -2*t - 5. What is n(u)?
7
Let c(p) be the second derivative of -p**5/20 - 5*p**4/4 + 19*p**3/6 - 7*p**2 - 342*p. Calculate c(-16).
-62
Let z(m) be the first derivative of -2*m**2 - m + 1. Suppose 5 = -2*y + 21. Suppose -18*p - y = -22*p. What is z(p)?
-9
Let o(m) = -m**3 + 6*m**2 - 6*m + 9. Let k be o(5). Let d(w) = -w - 13. Let b(q) = q + 1. Let h(g) = k*b(g) + d(g). Calculate h(6).
9
Let q(d) be the second derivative of d**7/840 - d**6/45 + d**5/15 - d**4/3 - d**3 - 7*d. Let g(p) be the second derivative of q(p). Determine g(7).
-1
Suppose a - 40 = -39. Let m(f) = 12*f - 2. What is m(a)?
10
Suppose o = 2*j + 6, -5*j + 3*j = -2*o + 6. Suppose 2*n + 4*n - 42 = o. Let g(k) be the third derivative of k**4/24 - 3*k**3/2 - k**2. Determine g(n).
-2
Let w(i) = 2*i - 4. Let m(b) = 5*b - 8. Let a(v) = 4*m(v) - 9*w(v). Give a(0).
4
Let j(q) = -q - 1. Let x(m) = 3*m + 3. Let i(n) = -2*j(n) - x(n). Suppose 104 = 8*h + 72. Calculate i(h).
-5
Let c be 0/(-5) + -6 + 7. Let r(s) = -14*s**2 + 1. Calculate r(c).
-13
Let d(i) = 4*i + 1. Suppose -5*w = w + 18. Let z(t) = 4*t. Let a(v) = w*d(v) + 4*z(v). Give a(8).
29
Let h(a) be the first derivative of a**5/120 - a**4/24 - 5*a**3 - 7. Let z(n) be the third derivative of h(n). Determine z(-4).
-5
Let s(h) be the first derivative of -h**4/4 - 7*h**3/3 + h**2 + 6*h - 2445. Let w = -38 + 22. Let t = 9 + w. Calculate s(t).
-8
Let n(c) be the third derivative of 1/24*c**4 + 1/6*c**3 + 0*c + 16*c**2 + 0. Calculate n(7).
8
Let g(z) = 23*z - 10 - 12*z - 10*z. Determine g(5).
-5
Let q be (-4)/1*650/(-200). Let l(r) = r**2 - 12*r - 17. Calculate l(q).
-4
Let p(l) = -l**3 + 17*l**2 + 17*l + 20. Let z be p(18). Let r(w) = -292*w + 293*w - z*w**3 - 6*w**3. Determine r(-1).
7
Let u(o) = -o + 13. Suppose 0 = -92*z + 1492 - 112. Give u(z).
-2
Let r(z) = z**3 + 16*z**2 + 18*z + 36. Let f be r(-15). Let t(m) = -m**3 - 10*m**2 - 5*m + 9. What is t(f)?
-27
Let w(t) = -2*t - 3. Let h = 77 + -77. Determine w(h).
-3
Let w(l) = l**2 - 6*l - 2. Let z(k) = 103*k - 100. Let x be z(1). What is w(x)?
-11
Suppose y = -1 + 5. Let s(k) = -25*k**3 + 26*k**3 - 3*k - 3*k**2 - 3 + y*k. What is s(3)?
0
Let z(r) = 3*r - 43. Let g be z(16). Let l(p) = -1 - p**3 - 6*p**2 - g - 9*p + 2*p. Determine l(-4).
-10
Let j(z) = -z**2 - 5*z - 2. Suppose -19 - 1 = -5*k. Suppose -t - 4*m + 3*m = -1, 2*t + 4*m = -6. Suppose -2 = -k*d + t*s + 1, 0 = d + 4*s + 15. What is j(d)?
4
Let f be (-4 + 2)*(-2)/(-2)*-1. Let c(k) = 1616 - 3*k - 1613 + f*k. Determine c(7).
-4
Let g(r) = 18*r**3 + r**2 - 6*r - 1. Let a(n) = 17*n**3 + n**2 - 5*n - 1. Let i(c) = -5*a(c) + 4*g(c). Let u = -1238 + 1237. Calculate i(u).
12
Let g(w) = 4*w**3 + w - 2. Suppose 31*m + 2*j + 10 = 35*m, 11 = 4*m - 3*j. Give g(m).
32
Let b(x) = x**2 - x - 5. Let p(q) = 1. Let i(n) = b(n) + 2*p(n). Let v be ((-32)/(-40))/((-2)/(-30)). Let f = v + -8. Give i(f).
9
Let d(r) be the third derivative of -1/8*r**4 + 0 + r**3 - 15*r**2 + 0*r. What is d(4)?
-6
Let i = 88 + -86. Let g(z) = -9*z - 2 + i + 2*z. Suppose -3*q = 4 - 1. Determine g(q).
7
Suppose 14 = -5*z + 3*z - 4*c, 0 = -3*z - 4*c - 11. Let l(m) = 0*m**2 + 5 - 3 + 4 + 6*m - 6*m**2 + m**z. Determine l(5).
11
Let c(r) be the first derivative of -r**3/3 + r - 51. What is c(2)?
-3
Let c(s) = -s. Let m(l) = 2*l**2 + 5*l - 3. Let z(a) = 3*c(a) + m(a). What is z(-3)?
9
Let i(d) = -13*d - 3. Let h(j) = 3*j + 1. Let o(g) = -2*h(g) - i(g). Suppose 1 = -2*k - 1. Calculate o(k).
-6
Let o(s) = s**3 - 2*s + 1. Let h(x) = x**2 + 10*x - 11. Let r be h(-11). Suppose -3*q + 2*w = -q - 6, r = 2*q + 2*w - 2. Determine o(q).
5
Suppose -10 + 1 = -3*v. Suppose 0 = 2*g - v*g - 6. Let k(h) = h**3 + 7*h**2 + 7*h + 9. Let b be k(g). Let x(y) = 2*y**2 - 4*y - 1. Determine x(b).
5
Let y(v) be the second derivative of v**5/20 - 11*v**4/12 + 5*v**3/3 - 11*v**2 - 511*v. Calculate y(10).
-22
Let n(s) = -s**3 - 5*s**2 - 5*s. Suppose 0 = -2*z + 2*t - 4*t + 6, 4*t = -5*z + 16. Suppose d - 2*d - z = 0. What is n(d)?
4
Let r(p) = -p**2 - 5*p. Suppose -3*x - 2*v - 1 = 0, 6*v + 11 = x + v. Let k = 5 + -8. Let t = k - x. Determine r(t).
4
Let j(v) = 2*v**3 - v**2 - v - 1. Let k be j(2). Let a be k/((-6)/(-2)) + 6 + -5. Let h(q) = q**3 - 2*q**2 - 6*q + 1. What is h(a)?
9
Let w(h) = -h**2. Let z(g) = -7*g**2 - 6*g + 4. Let t(r) = -6*w(r) + z(r). Let o = -123 - -139. Suppose 5*v + n = v - o, -5*v = 3*n + 13. Calculate t(v).
9
Suppose 28 = -3*o + 34. Let h(p) = -6*p - 8. Let u(y) = -5*y - 7. Let t(v) = o*h(v) - 3*u(v). Determine t(-7).
-16
Let l(h) = h**3 - 2*h**2 - h - 2. Let s(p) = p**3 + 3*p**2 - 20*p - 9. Let j = -62 + 56. Let t be s(j). Calculate l(t).
4
Let p = 402 - 394. Let d(z) = 2*z - 1. What is d(p)?
15
Let y(x) = 7*x**3 - x**2 - 5*x + 2. Let o be y(2). Let t(p) = -21*p - 28*p + o*p. What is t(-1)?
5
Let a(u) = -2*u + 1. Let q = 14 - 43. Let i = q + 33. Calculate a(i).
-7
Let r(y) be the first derivative of -y**4/4 - y**3 + 2*y**2 - 3*y + 1. Let z(d) = d**2 + 39*d - 554. Let f be z(-50). Determine r(f).
-3
Suppose 2*c + 2*c = 20. Let z(y) = 4*y**2 + y**3 - 3*y - c*y + 6*y + y. Give z(-3).
12
Let b(l) = 9*l - 8. Let d(k) = -49*k + 39. Let s(c) = -11*b(c) - 2*d(c). Calculate s(8).
2
Let t(i) be the second derivative of 3*i**4/8 + 7*i**2/2 + 8*i. Let z(m) be the first derivative of t(m). Calculate z(-1).
-9
Let l(d) be the third derivative of 3*d**6/40 - d**3/6 - 17*d**2. Suppose -3*z = -4 + 1. Give l(z).
8
Let k(t) = -t**3 - 5*t**2 + 7*t. Let p(m) = 5*m + 24. Let h be p(-6). Let v be k(h). Let n(x) = -2*x - 7. Determine n(v).
5
Suppose -16*q = -10*q + 42. Let j(s) = -3*s - 16. What is j(q)?
5
Let o(g) = -2*g. Let t(f) = -f**3 - 18*f**2 + 20*f + 23. Let y be t(-19). Let n be 395/(-45) + y/(-18) + 3. Determine o(n).
12
Let o(x) = -3*x**2 - x - 3. Let d = 575 + -578. Determine o(d).
-27
Let z(v) = 389 - 190 - v**2 - 192 + 4*v. Suppose 4*q + 6 = -3*b, -7 = -2*b + 2*q - q. Suppose 0 = -2*p - b*p + 24. What is z(p)?
-5
Let y(d) = -d + 16. Suppose 8 - 28 = -2*g + 5*s, -2*s = 0. Give y(g).
6
Let z = -57 + 62. Let x(f) be the third derivative of -f**5/40 + 7*f**4/24 - f**3/6 - f**2. Let c(i) be the first derivative of x(i). Give c(z).
-8
Let d(i) = -i**3 + i. Let p = 28 - 14. Let g = p + -9. Suppose 2 - 7 = g*v - 2*y, 4*v + 3*y + 4 = 0. Give d(v).
0
Let s(i) be the second derivative of -i**4/2 + i**2/2 